the highest common divisor of t and 2862?
54
Suppose -4*i + 118 = 374. Let x = -18 + i. Let r = -75 - x. What is the greatest common divisor of r and 14?
7
Let j(h) = -h**3 - 6*h**2 - 16*h - 21. Let c be j(-4). What is the highest common factor of c and 7821?
11
Let b be (32292/(-585))/((-6)/20). Calculate the highest common factor of 1058 and b.
46
Suppose 577*i - 12555 = 112*i. What is the highest common factor of i and 14544?
9
Suppose 3*h = 21, -24*h = -4*j - 20*h + 1196. Calculate the greatest common divisor of 544 and j.
34
Let s be ((-105792)/(-290))/((-844)/(-280) + -3). What is the greatest common divisor of s and 504?
168
Let f(m) = -m**3 + 5*m**2 + 13*m - 25. Let o be f(8). Let z be o*3/(-18) + 1/6. Calculate the highest common factor of z and 589.
19
Let p be ((-159)/(-5) - 1)*(-5)/(-2). Let i = -67 + p. Suppose 0 = -v - 3*v - 16, 0 = 4*h + 2*v - 32. What is the highest common divisor of i and h?
10
Let p(v) be the third derivative of 0*v + 4*v**2 + 1/30*v**5 + 5/8*v**4 + 0 + 35/6*v**3. Let y be p(-10). Calculate the greatest common divisor of 17 and y.
17
Suppose 0 = 5*m - 2*o - 15, m - 5*o - 40 = -14. Let q = 161 + m. What is the greatest common divisor of 18 and q?
18
Let k be 3 + -6*(-8)/(-24). Let t be 12 - 1*(-2 - k). What is the greatest common factor of 240 and t?
15
Suppose 12*x = 27753 - 1005. Suppose -5*t + y + x = 550, 5*t = -y + 1681. Calculate the greatest common divisor of t and 144.
48
Suppose r + 0*m - 6 = -2*m, -17 = -2*r - 3*m. Suppose 5*x - 98 = -2*d, -131 = -3*d + x + r. What is the highest common divisor of 35 and d?
7
Suppose 3456 = 15*n - 20*y + 24*y, 5*n - 4*y = 1104. What is the highest common divisor of n and 6802?
38
Let y(o) = o**3 - 59*o**2 - 80*o - 1134. Let l be y(61). What is the highest common factor of l and 1020?
204
Suppose f + 2*f - 84 = 0. Let x = -36517 + 36521. What is the highest common divisor of x and f?
4
Suppose -3*d - 142 = 32. Suppose -43*o + 46*o = 222. Let y = o + d. What is the highest common divisor of 2 and y?
2
Let b be 4*3/(-5 - (-349)/69). Let c be 7/(7/(-3)) - (-156)/6. Calculate the highest common factor of b and c.
23
Suppose -34*r = 3*c - 30*r - 180, 0 = -5*c - 3*r + 300. What is the highest common divisor of 348 and c?
12
Let w(o) be the first derivative of o**4/2 - 5*o**3 + 9*o**2/2 + 6*o + 41. Let l be w(7). Calculate the greatest common factor of l and 6.
2
Let x(a) = -2*a**2 - 85*a + 18. Let g = -94 - -64. Let t be x(g). Calculate the greatest common factor of t and 12.
12
Let x(n) = n**3 - 78*n**2 + 62*n - 361. Let v be x(78). Calculate the highest common factor of 179 and v.
179
Let v = 9530 + -6237. What is the greatest common factor of v and 89?
89
Suppose 4*c = -4*s + 296, -3*c + 38 - 236 = -2*s. Let m(f) = -2*f + 10. Let h be m(-7). Calculate the highest common factor of h and s.
12
Let k(x) = -18*x + 723. Let j be k(10). Calculate the highest common divisor of j and 6.
3
Let m be ((-561)/595 - (-3)/21)*(1 + -5871). Calculate the greatest common divisor of 8 and m.
8
Let a be -6*(-1 + (-1)/3). Suppose 0 = -h - c - 16, 2*c + 74 = -1194*h + 1189*h. Let o be (-550)/h + a/(-28). What is the highest common factor of 13 and o?
13
Let s(u) = 12*u**2 + 155*u + 19. Let o be s(-13). What is the highest common factor of o and 928?
32
Suppose -9*g = -6*g + f - 1534, 1024 = 2*g + f. Let i = -8 - -59. What is the highest common divisor of i and g?
51
Let d(t) = -521*t + 499. Let i be d(-14). Suppose i = 44*o + 1545. Calculate the greatest common factor of o and 497.
71
Let s = 448 + 32. Let h be ((14580/(-105))/(-27))/(18/210). What is the highest common divisor of s and h?
60
Let n be 3*(-204)/(-90) - 2/(-10). Suppose -4*f + 3*a + 57 = f, -3*f + 35 = -2*a. Let x be n + (0 - f/3 - -4). Calculate the greatest common factor of 40 and x.
8
Let v be (9 - 7)*-4 - (-315 - 5). What is the greatest common factor of 4472 and v?
104
Let z = 4 - 1. Let s be (-12)/z - (-78 - -18). What is the greatest common divisor of 21 and s?
7
Let g be (-3)/1 - 5*(3 + 110). Let q = g - -1250. What is the greatest common divisor of 62 and q?
62
Let z = -25793 + 25893. What is the greatest common factor of z and 885?
5
Let y(r) = r**3 + 5*r**2 - 12*r - 13. Let m be y(-7). Let l(z) = z**3 + 27*z**2 - 3*z - 35. Let c be l(m). What is the highest common factor of 322 and c?
46
Let l be 2/1 - (5 + (-19)/(-2)*-12). What is the greatest common factor of l and 1184?
37
Let d(w) = w**3 + 14*w**2 + 38*w - 20. Let r be d(-10). Suppose r = 88*l - 79*l - 2925. What is the greatest common factor of 25 and l?
25
Let l = -9 - -3. Let t be 2/l - 44/(-6). Let n be 6 - (10/(-8))/(0 + (-21)/84). Calculate the highest common factor of t and n.
1
Let g(l) = -23*l - 4. Let z be g(-1). Calculate the highest common divisor of 7 and z.
1
Suppose -239 = -4*o - 5*f - 99, 0 = -2*o - f + 64. Suppose -440 + 230 = -2*x. What is the highest common divisor of o and x?
15
Let b be (1 - -643*122/4)*(-286)/(-429). Calculate the highest common factor of 25 and b.
25
Let j(n) be the second derivative of 5*n**3/6 + 97*n**2/2 - 78*n. Let k be j(-11). What is the highest common factor of 105 and k?
21
Suppose -5*b - 15 = 4*s, 5*s - b - 10 + 7 = 0. Let u be 2*(126/12 - s). What is the highest common factor of u and 42?
21
Suppose 0 = 5*c + m - 1728 + 1108, -2*c + 5*m + 275 = 0. Calculate the greatest common factor of c and 3500.
125
Let d(w) = 6*w**2 + 23*w + 17. Let s be d(-7). Suppose 2*m = 3*c + 4*m - 93, 5*m - s = -5*c. Calculate the highest common divisor of 275 and c.
11
Suppose -5*z + 306 = -519. Let a be z/35 - 6/(-21). Suppose -a*q + 52 = -0*t + t, 67 = 5*q - 4*t. Calculate the highest common factor of 143 and q.
11
Let o(t) = -101*t**3 - 16*t**2 - 46*t - 14. Let i be o(-2). What is the highest common divisor of i and 15?
3
Let a = 1429 + -844. Let g = a - 557. What is the greatest common factor of 8 and g?
4
Let i(c) = c**3 - 20*c**2 - 6*c + 28. Let w be i(0). What is the greatest common factor of w and 84?
28
Suppose -4*y = -20, 4*d = -y - 1550 - 125. Let n = 485 + d. Let k be 53/2 - (-3)/(-6). What is the highest common factor of k and n?
13
Suppose 0*o - o + 4379 = b, -17544 = -4*b + 3*o. What is the highest common divisor of 9 and b?
9
Suppose 0 = -51*z + 66 + 189. Calculate the highest common divisor of 2005 and z.
5
Suppose -16 + 15 = -4*u + 5*g, 10 = u + 2*g. Suppose -u*m = -3*n + 174, 29*m = 30*m + 3. Calculate the highest common factor of n and 72.
18
Let h(t) = -t**3 - 27*t**2 + 58*t + 6. Let b be (3 + -5)/((-588)/(-116) + -5). Let r be h(b). Calculate the greatest common factor of r and 48.
6
Let d be (33/(-12))/((-4)/32). Let h(m) = m**2 - m + 4. Let b be h(2). Let s(v) = 10*v - 5. Let l be s(b). Calculate the greatest common divisor of l and d.
11
Suppose 408 = 1586*k - 1588*k. Let x = k + 210. What is the highest common factor of 14 and x?
2
Suppose 19*g = 16*g - 1266. Let q = g - -1292. Let y = -617 + q. Calculate the greatest common divisor of 23 and y.
23
Let n be 8/((-32)/(-60))*((-6981)/(-13))/3. What is the greatest common divisor of n and 15?
15
Let l be 1720425/(-113)*(-1)/1*1. Suppose -49*f = -34*f - l. What is the highest common divisor of f and 35?
35
Let x = -68 + 158. Let n be 12 + 230/(-40) - (-2)/(-8). Let h be 46/4 + (-135)/18 + n. What is the highest common factor of h and x?
10
Suppose 0 = 26*z - 612 + 66. Suppose 56 = 28*r - 26*r. Calculate the greatest common factor of z and r.
7
Let m be 85/(-255)*(-83498 + 5/(-5)). What is the greatest common divisor of 13 and m?
13
Let b(x) = 6*x - 50. Let s be b(9). Suppose s*z = 0, 0*f + 7 = f - z. Calculate the highest common factor of f and 189.
7
Let m(i) = 104*i**2 - 3*i + 4. Let f be m(1). What is the greatest common factor of f and 225?
15
Let k(s) = s**3 + 8*s**2 + 6*s - 22. Let c be k(-6). Calculate the greatest common factor of 6062 and c.
14
Suppose -344*s + 382*s - 1558 = 0. Suppose 0*n + 200 = 4*n. Let y = n - s. Calculate the greatest common divisor of y and 45.
9
Suppose 4*o = 3 - 7, 3*l + 5*o = -863. Let x = -64 - l. What is the highest common factor of x and 74?
74
Let r(x) = -48*x + 1057. Let w be r(21). Calculate the highest common factor of 4067 and w.
49
Let v(t) = 9*t**2 - 15*t - 28. Let a be v(17). What is the highest common divisor of